 Calculate the greatest common divisor of 2 and p.
2
Let p(f) = 4*f + 7*f**2 - 8*f**2 + 3 + 2*f + 1. Let q be p(6). Calculate the greatest common factor of 28 and q.
4
Let x be 4/(-4)*2 + 5. Suppose -5*h - 2*w = w - 57, 0 = x*h - 5*w - 41. Let q = 16 - 10. What is the highest common divisor of q and h?
6
Let f(l) = l**3 + 7*l**2 - 9*l - 4. Suppose 0 = -4*i - i - 40. Let t be f(i). Suppose t*b + 3 = 27. What is the greatest common factor of 6 and b?
6
Let i(d) = -d**3 - 6*d**2 + 6*d - 3. Let b = 12 - 19. Let q be i(b). Calculate the greatest common factor of q and 20.
4
Let z be (-2)/13 + (396/39)/1. What is the highest common divisor of 530 and z?
10
Let p be (0 + (-1)/(-3))/(2/24). Let j be (143/2)/(2/p). Calculate the greatest common divisor of j and 13.
13
Let p = 362 - -503. Calculate the greatest common divisor of p and 5.
5
Suppose -26 = 14*k - 96. What is the highest common divisor of k and 160?
5
Let q(m) = 8*m + 7*m - 5 - 16*m - 4. Let g be q(-12). Suppose -5*z + 629 = -r - 198, -g*r = 6. Calculate the greatest common factor of 15 and z.
15
Let c be -6*(-85)/(-20)*(-184)/69. Let q(m) = -m**3 + 4*m**2 + 2*m + 2. Let u be q(3). What is the greatest common divisor of u and c?
17
Let u = -573 - -590. Calculate the greatest common divisor of u and 323.
17
Let v(w) = w**3 - 17*w**2 + 49*w - 2. Let h be v(14). What is the greatest common factor of h and 480?
96
Let u(k) = -k**3 - 64*k**2 + 4*k + 286. Let g be u(-64). Calculate the highest common divisor of 610 and g.
10
Let y be (-14)/(-8) + 3/12. Let x(z) = -4*z**3 - 4 - 3*z + 3*z**3 + 7*z**y + z - 3*z. Let q be x(4). Calculate the greatest common factor of q and 96.
24
Let m(n) = 0 - n**3 - n + 2*n**3 + n**2 + 17. Let g be m(0). Let t(y) = 30*y**2 - 2*y + 3. Let c be t(2). What is the highest common divisor of c and g?
17
Let u = 42 + -33. Suppose -5 = -5*x + 5. Let j(p) = 8*p + 2. Let r be j(x). Calculate the highest common divisor of r and u.
9
Let n(o) = -17*o - 19*o + 10*o - 3. Let j be n(-9). Calculate the highest common divisor of j and 21.
21
Suppose -2 - 14 = -t. Let v = t - 8. Let z be 39 + 12/(v - 4). What is the highest common factor of z and 63?
21
Suppose f - 2*f + 5*s + 117 = 0, -226 = -2*f + 2*s. Let h be (0 - -1)/(3 - 235/80). What is the greatest common factor of h and f?
16
Suppose -4*j + 6*j = 6. Suppose -j*u - 3 = 0, -5*u + 2*u = 2*o - 17. What is the highest common divisor of o and 15?
5
Let w be (44/(-6))/(-1*16/696). Calculate the highest common divisor of w and 22.
11
Let r be (-3)/(-27) - (-64)/(-9). Let w(v) = 3*v + 22. Let l be w(r). What is the greatest common divisor of 1 and l?
1
Let k = -1228 - -1635. Calculate the highest common factor of 111 and k.
37
Let x be (-32)/(-24) + (-3)/9. Calculate the highest common factor of 23 and x.
1
Suppose 4*l - 185 = -l. Suppose -3*f + 3985 = -2*a, -2*a = -0*a - 8. Let r = f + -924. Calculate the greatest common factor of r and l.
37
Let n(p) = -p - 9. Let t be n(2). Let r be t/(-8 - -11 - (-1 - -5)). What is the highest common factor of 33 and r?
11
Let r = 0 - 3. Let m(v) be the second derivative of -v**5/20 - v**4/6 - v**3/3 + v**2/2 + 3*v. Let b be m(r). What is the highest common factor of 32 and b?
16
Let r(c) = c**2 - 11*c + 1. Let q be r(7). Let w = q - -48. Let s = 21 - 7. Calculate the highest common divisor of w and s.
7
Let i be 4312/24 - (-2 - (-5)/3). Calculate the highest common divisor of i and 48.
12
Suppose 20 + 40 = -2*f. Let q = -14 - f. What is the greatest common factor of 40 and q?
8
Let t = -1 - 3. Let h = 3 + t. Let u be (4 + h - 4) + 67. Calculate the greatest common factor of u and 6.
6
Let y = -439 + 490. What is the greatest common divisor of 1275 and y?
51
Let q(p) = 130*p**2 + 897*p + 7. Let y be q(-7). Let c = 23 + 124. Calculate the greatest common divisor of c and y.
49
Let t(z) = -12*z + 3. Let o be t(2). Let g = -14 - o. Let j(v) = v**3 - 6*v**2 - 7*v + 7. Let i be j(g). What is the greatest common factor of 7 and i?
7
Suppose 4*i - 228 = -0*i. Suppose -4*v + i = 1. Let t(p) = -p**3 - 5*p**2 + 4*p + 9. Let y be t(-6). What is the highest common factor of y and v?
7
Suppose 5*s + 192 = x, -13 = s - 4*x + 33. Let k = -22 - s. Calculate the greatest common divisor of 80 and k.
16
Let m = -124 - -156. What is the highest common factor of m and 32?
32
Let m = 0 - -12. Let n(y) = -2*y**3. Let o be n(-1). Suppose -o*d - m = -26. Calculate the highest common divisor of 28 and d.
7
Let v(t) = t**2 + 5*t + 4. Let i be v(4). Suppose z - i = -3*z. Calculate the greatest common factor of z and 25.
5
Let r(k) = 8*k**2 - 4*k. Let y be r(-3). Suppose 0 = 4*b + 5*u - 3*u - 28, 5*u - 21 = -3*b. Calculate the highest common factor of y and b.
7
Let y = 1200 - 826. Suppose -3*t + 166 + y = 0. What is the highest common factor of t and 10?
10
Suppose -127 = q + 14. Let x = 197 + q. Let g be (-16)/x + (-72)/(-7). What is the highest common divisor of 30 and g?
10
Suppose -89 - 19 = -d. Let v = -80 - -152. What is the greatest common divisor of v and d?
36
Let z be 0/1 + (81 - 0). Let t be 42*(5 + -3)/4. Suppose 4*n - 2*s = 46, 4*n + 0*s + 3*s - t = 0. What is the greatest common divisor of n and z?
9
Let z(w) = w**3 + 15*w**2 + 8*w + 4. Let o be z(-6). What is the greatest common divisor of 80 and o?
40
Suppose -25 - 29 = -3*a. Suppose -89*w - 9 = -90*w. Calculate the highest common divisor of w and a.
9
Suppose 8 = o - 2. Suppose -2*s = y - o + 3, s - 2 = -2*y. Suppose -2*u + 7 = w - s*u, -11 = -w + 4*u. What is the greatest common factor of 12 and w?
3
Let t be 0 + (8/20 - (-133)/5). Suppose -4*h - 11 = -47. What is the greatest common divisor of t and h?
9
Let m(f) = f**3 - 4*f**2 + 5*f - 3. Let p be m(3). Suppose -p*o + 14 + 4 = 0. Let a be (-10 - 1)*(-7 + o). What is the highest common factor of a and 11?
11
Suppose 10 = 6*u - 8. Let x be (6 - u) + (1 - 1). What is the greatest common divisor of x and 1?
1
Suppose -4*x + 273 = 97. Let z = 17 - x. Let h = -24 - z. Calculate the highest common divisor of h and 6.
3
Suppose -11*n + 10*n + 25 = 0. Suppose 7*u = 80 + n. What is the greatest common divisor of 5 and u?
5
Let y = -12 + 13. Let z be 6/(-2)*(y - 0). Let s be (1/z)/(2/(-120)). What is the highest common factor of 30 and s?
10
Let t be -6*(-4)/(-3)*-21. What is the greatest common factor of 24 and t?
24
Let i(a) = -a**3 + 4*a**2 + 29*a + 15. Let k be i(-4). What is the highest common divisor of k and 621?
27
Let g(y) = -30*y + 48. Let r be g(-14). Calculate the highest common factor of 72 and r.
36
Let v be (-1*4)/(1665/(-549) + 3). What is the highest common divisor of v and 2?
2
Suppose 3 + 0 = z. Let s be -2 - (z - (326 + 3)). What is the greatest common factor of s and 36?
36
Let m(o) = 4*o**3 + 30*o**2 - 59*o - 14. Let a be m(-9). What is the greatest common factor of 3503 and a?
31
Let o = 1450 - 1390. What is the greatest common divisor of 12 and o?
12
Suppose 0 = -43*h + 47*h - 3328. Calculate the highest common divisor of h and 64.
64
Suppose 358 = 2*v + 54. Suppose 4 = 4*j - 4. Let y be 152/12*3/j. Calculate the greatest common divisor of y and v.
19
Suppose -3*p = r - 16, 5*r + 5*p + 0*p = 40. What is the greatest common divisor of 124 and r?
4
Let q = 288 + -231. Calculate the highest common factor of q and 399.
57
Suppose -c - 5*c = 4*c. Let p be 23 - (3 - c)/3. What is the highest common divisor of p and 44?
22
Suppose 18*l - 22*l = -12. Suppose 0 = 4*z + y - 79 - 29, -l*y = 12. Calculate the highest common divisor of 252 and z.
28
Let h be 3*(4 - 5/(-15)). Let s(u) = 10*u + 10. Let g be s(h). What is the highest common divisor of g and 20?
20
Suppose 2*d + 2*c + 1 = 5*c, -5*c = 2*d - 23. Suppose d*q - 63 = q. Calculate the greatest common divisor of q and 84.
21
Let o(q) = q + 103. Let j be o(-19). What is the greatest common divisor of j and 21?
21
Let d be (-165)/(-30) - (-3)/6. Calculate the greatest common factor of 27 and d.
3
Let a = 49 + -27. Let v = -4 + 4. Suppose v = 3*w + 16 - 148. What is the greatest common divisor of w and a?
22
Let a = 26 + 0. Let x be 4/10 - 18/45. Suppose c + 4*s - 47 = x, 6*s - s - 166 = -4*c. Calculate the greatest common factor of c and a.
13
Let a(z) = -z**3 - 7*z**2 + 8*z + 2. Let v be a(-8). Suppose -v*w + 334 = -4*o, -7*w + 2*w + 4*o + 841